 prime factors of o(128)?
3, 8431
Let z = 6075 - 4653. List the prime factors of z.
2, 3, 79
Let m be 6/((-60)/(-70)) - (6 - 1). Suppose m*r = 1571 - 253. What are the prime factors of r?
659
Suppose -2*d = 3*q - 13109, 8*d = 5*d - 12*q + 19671. What are the prime factors of d?
6553
Let k(z) = z**2 - 2*z - 17. Let j be k(6). Suppose j*r = 26*r - 7087. What are the prime factors of r?
373
Suppose -150 + 1689 = 19*n. List the prime factors of 27*53 - (-79 + n).
1429
Suppose 5*x - 1 = 4*n - 4, 0 = -n + 2*x. Let o(h) = 6*h - 4. Let a(m) = -51*m + 32. Let w(g) = -a(g) - 6*o(g). What are the prime factors of w(n)?
2, 11
Suppose 0 = 4*v - 28, 19*v - 18*v = -3*n + 54430. List the prime factors of n.
3, 6047
Let b = -621 - -1044. Suppose -29*g - b = -3236. What are the prime factors of g?
97
Let t = 399 - -60. Let s = -464 - -701. Let g = t - s. What are the prime factors of g?
2, 3, 37
Suppose 23*v - 4*v + 215890 - 1161140 = 0. List the prime factors of v.
2, 5, 199
Suppose 0 = 9*r - 7*r - 572. Suppose r*v - 2796 = 283*v. What are the prime factors of v?
2, 233
Suppose -6*f + 639 = -7*f. Let n = -380 - f. List the prime factors of n.
7, 37
Suppose -111 = -2*o - 81. Suppose -7229 = -o*i + 6361. List the prime factors of i.
2, 3, 151
What are the prime factors of 15/(-20)*664148/(-12) + 6/8?
2, 5, 7, 593
What are the prime factors of (-392)/588 - ((-2 - 0) + 299122/(-6))?
5, 13, 59
Suppose -3*i + 277011 = 18*i. What are the prime factors of i?
3, 4397
Let z(a) = -a**3 - 5*a**2 - a - 13. Let l(i) = i + 4. Let c(t) = t + 5. Let o(n) = 4*c(n) - 5*l(n). Let y(d) = 6*o(d) + z(d). List the prime factors of y(-6).
5, 13
Let r(k) = 12*k**3 - 261*k**2 + 80*k - 8. What are the prime factors of r(28)?
2, 3, 2543
Let d(z) = 33*z - 132. Let s be d(26). Suppose 2*l + 2342 + s = 5*p, 4*l + 3066 = 5*p. What are the prime factors of p?
2, 307
Let y = 41418 - 22167. What are the prime factors of y?
3, 23, 31
Suppose -2*w - 16 = -2*q - 2, 4*w = 12. Let l be -3 - (-4)/(8/q). What are the prime factors of 31 + 3 + l + -2?
2, 17
Let x(z) = -3*z + 16. Let k(a) = a + 3*a - 5*a + 0*a. Let d(s) = -2*k(s) - x(s). List the prime factors of d(5).
3
Let p(h) = 6*h**2 - h - 39. Let g be p(7). Suppose -258*b + 10450 = -g*b. What are the prime factors of b?
5, 11, 19
Let n(i) = 207*i**2 - 77*i + 501. What are the prime factors of n(7)?
5, 43, 47
Let d be 3 + -3 - (-16 - -1). Suppose 0 = -h + 3*g + 357, -d*h + g = -18*h + 1081. List the prime factors of h.
2, 3, 5
Let y = 4371 - 2792. Suppose -5*b - 4*v + y = 0, -b + 2*v = -2*v - 335. List the prime factors of b.
11, 29
List the prime factors of (0 + 22)/(21760/10860 - 2).
3, 11, 181
Let u(t) = 3*t**2 + 6*t + 3. Let p = 170 - 161. List the prime factors of u(p).
2, 3, 5
Suppose -2*t + 3*l = -18, 3*l - 38 - 4 = -2*t. Let a = t - -44. List the prime factors of a.
59
Let m(j) = 792*j**3 - 5*j**2 + 2*j + 6. What are the prime factors of m(2)?
2, 3163
Let k(z) = 104*z**2 - 13*z - 40. List the prime factors of k(-3).
5, 11, 17
What are the prime factors of (-200)/(-20) + 21249 - 3/4*4?
2, 2657
Suppose 4*h - 12 = -2*g, 2*g + 0*g - 6 = -h. Suppose -1 = 2*o - n - 6, 0 = -o + h*n + 10. Suppose o*b + 675 = 5*b. List the prime factors of b.
3, 5
What are the prime factors of (2317/(-993))/(2/(-2730))?
5, 7, 13
Let o = 16 - 14. Suppose -3*f + 9*f - 30 = 0. Suppose -o*z + 5 = -z - f*c, -3 = -c. What are the prime factors of z?
2, 5
Let n = 11097 + -1779. What are the prime factors of n?
2, 3, 1553
Suppose -3*p + 25 = -z, 4*p + 11 = -4*z - 9. Let d(j) = -10*j - 23. Let n(g) = 9*g + 24. Let x(k) = -2*d(k) - 3*n(k). List the prime factors of x(z).
2, 11
Suppose -202*d - 182983 - 13367 = -209*d. List the prime factors of d.
2, 3, 5, 11, 17
Suppose 5*q = -0*q + 445. Let b = q - -126. List the prime factors of b.
5, 43
What are the prime factors of (342/19 - 16)/(2/5716)?
2, 1429
Let v = 860 + -348. Let c be ((-32)/(-2) - -1)*17. Let l = v - c. What are the prime factors of l?
223
Let f = 7419 - 467. List the prime factors of f.
2, 11, 79
Let b(f) = f**3 - 3*f**2 - 7*f + 35. Suppose -2*u + 16 = 3*m + 6, -u - 5*m - 2 = 0. What are the prime factors of b(u)?
13, 23
Suppose 7*m - 2409 = -4*m. Let r = m + 185. What are the prime factors of r?
2, 101
Suppose -24*q + 22*q + 16585 = d, 0 = 4*q - 4*d - 33176. What are the prime factors of q?
8293
Let i = 17896 + -8360. List the prime factors of i.
2, 149
Suppose 58*n - 57*n + 165 = 0. Suppose 513 = -2*a + m, -2*m = -2*a - 4*m - 522. Let r = n - a. What are the prime factors of r?
3, 31
Suppose 25 = 267*r - 262*r. Suppose 2300 = r*t - 10. What are the prime factors of t?
2, 3, 7, 11
Let f(i) = -4*i - 6*i - i - 132 + 2*i. List the prime factors of f(-21).
3, 19
Suppose -6*h = 14 - 140. Suppose -411 - 933 = -h*q. What are the prime factors of q?
2
Let a(d) = 200*d**2 + 302*d + 1857. List the prime factors of a(-6).
3, 5, 7, 23
Let o(b) = -13*b**2 + 28*b + 104. Let l be o(6). Let c be 1 - 2 - 1*45. Let n = c - l. What are the prime factors of n?
2, 3, 5
Let z = 424 - 360. Let i = z + 89. List the prime factors of i.
3, 17
Let l = 125 - 125. Suppose 1910 = 5*z - k, l = -3*k - 15. List the prime factors of z.
3, 127
Let i = -10759 - -24877. What are the prime factors of i?
2, 3, 13, 181
What are the prime factors of 0*(-14)/98 + 21543?
3, 43, 167
Suppose 0 = -t + w - 106 + 6731, 0 = -2*t + w + 13249. Suppose 21*d - 29*d + t = 0. What are the prime factors of d?
2, 3, 23
Suppose 3*k - 4*p + p = -2334, 5*p + 1563 = -2*k. Let r = -402 - k. What are the prime factors of r?
13, 29
Suppose -62*g + 67*g - 580 = 0. Let w be (13/(-2))/((-1)/2). Let a = g - w. List the prime factors of a.
103
Let v be (-37 + 246)/((-2)/(-2)). List the prime factors of v + 6/(-4)*(-14)/(-21).
2, 13
Let r(k) = 3*k**2 + 137*k + 144. List the prime factors of r(-95).
2, 53, 67
Let z(d) = d**3 - d. Let k be z(0). Suppose k = 29*m - 17145 + 5255. What are the prime factors of m?
2, 5, 41
Suppose 103*g - 222*g = -161*g + 345618. List the prime factors of g.
3, 13, 211
Let r(u) = 1294*u + 33. Let c be r(2). Let z = -1082 + c. List the prime factors of z.
3, 19
Let c(q) = 143*q - 14. Let m be 8 + -3*4/3. Let b be c(m). Suppose -2*f - 48 + 258 = -5*x, -5*f + b = 4*x. What are the prime factors of f?
2, 5, 11
Let v be 5 + (-18)/(-14) + (-20)/70. Suppose v*m = -3*d + 5*m + 836, 282 = d + 2*m. List the prime factors of d.
2, 139
Let l = -4 + 6. Suppose l*c - 170 = -5*x + 301, -5*x + 1140 = 5*c. List the prime factors of c.
223
Let s be 6/(-4)*(-30)/9. Let o = 708 - 696. Suppose s*u - o = -2. What are the prime factors of u?
2
Let u be ((-209)/(-77) + -1)/(4/(-154)). Let o = u + 176. List the prime factors of o.
2, 5, 11
Let x(t) = 13 + 18 - 6 + 17*t - 1. Let u be x(-5). What are the prime factors of (u/(-4))/(2/8)?
61
Let w be -2 - (-17 - (-2)/((-4)/6)). Let t = 16 - w. What are the prime factors of 79*(t - (-2 + -3) - 2)?
79
Let f(v) = 120*v**3 - v + 2. Let m(r) = r**2 - 11*r + 20. Let p be m(9). Let g be ((-7)/(-21))/(p/6). List the prime factors of f(g).
11
Suppose 3*x - 6*b - 101161 = 45815, -x + 48968 = 4*b. What are the prime factors of x?
2, 3, 13, 157
Suppose 2*b = 3 + 9. Suppose 2*r = b*r - 12. Suppose -2*s = -r*n + 15 + 20, 3*s = -12. List the prime factors of n.
3
Let g = 542 + -533. Suppose 3*f = m - 839, -g*m = -8*m + 3*f - 827. What are the prime factors of m?
7, 17
Let s be ((-15)/(-45))/((-2)/(-6)) - -4. Let d(c) = c**2 + 4*c - 5. Let i be d(-5). Let o = s - i. List the prime factors of o.
5
What are the prime factors of (-11)/((-143)/(-104)) + 33180/4?
8287
Let d = 154 - -168. Let h = d - 2. What are the prime factors of h?
2, 5
Let m(y) = -2*y**3 + 12*y**2 + 112*y - 310. List the prime factors of m(-21).
2, 661
Let y(u) = 231*u + 21. Let r be y(9). Suppose 3*c - r = 4*g, 7*c + 4*g = 5*c + 1420. List the prime factors of c.
2, 11
Suppose -2*h = h - 0*h. Suppose 6*c - 70 - 14 = h. Suppose c*m - 6*m = 48. List the prime factors of m.
2, 3
Let r = 71 + -68. Let z be -244 + 1 - (r + 0). Let t = -141 - z. What are the prime factors of t?
3, 5, 7
Suppose -2*v + 5*l = -1093, 8*v + 5*l = 3*v + 2750. Suppose v = 3*z - 2028. List the prime factors of z.
859
Suppose 5*m = 5*t + 270, -30 = -m + 3*t - 8*t. Let x = 58 - m. Suppose -x*j + 2451 = 259. L